i + 5 = 39*o. Let a(p) = 2*p**3 - 3*p**2 - 16. List the prime factors of a(o).
3, 53
Suppose -21826 + 73774 = 6*r. List the prime factors of r.
2, 3, 13, 37
Suppose -5*l = -93 + 93. Suppose l = -16*p - 5*p + 22659. What are the prime factors of p?
13, 83
Let m be 2/((-4)/10) - (16 + 49). Let b = 203 - m. What are the prime factors of b?
3, 7, 13
What are the prime factors of 28/(-42)*24/(-20) + 42273/15?
2819
Let a be (-2)/((-1)/(9/6)). Let m be 119 - (5 - a) - 3. Suppose r = 3*l + m, l + 117 = r - l. List the prime factors of r.
3, 41
Let c(q) be the first derivative of q**4/4 + 11*q**3/3 + 3*q**2 - 7*q + 15. Let k = -65 + 56. What are the prime factors of c(k)?
101
What are the prime factors of 0 + 4/86 - (-802198550)/18275?
2, 3, 31, 59
Let u(m) = m**3 + 2*m**2 + 2*m + 119. Let z be 7/(49/14) + -2. List the prime factors of u(z).
7, 17
Let w(a) = -5 - 2*a - 3 + 5 + 0*a. Let c = -10 + 0. List the prime factors of w(c).
17
Let r = 40 + -40. Suppose -j + 5*d + 84 = r, 0*j + d = -j + 54. Suppose 4*y - 301 = j. List the prime factors of y.
2, 3, 5
Let w(h) = h**3 + 4*h**2 - 2*h + 12. Let g be w(-5). Let k(l) = l**2 - 2*l + 4. Let m be k(g). Suppose 163 - m = 3*a. What are the prime factors of a?
2, 3
Suppose 0 = -3*h - 5*j + 15432, 8*h - 12*h = 3*j - 20576. What are the prime factors of h?
2, 643
Suppose n + 815 = -q + 6*q, -4*n + 2*q - 3170 = 0. Let t = n + 2024. What are the prime factors of t?
2, 617
Suppose 27*h + 251938 - 711172 = -66*h. What are the prime factors of h?
2, 3, 823
Let i(t) = 532*t**2 + 407*t - 3163. What are the prime factors of i(8)?
34141
Suppose -18 = 6*p - 66. List the prime factors of (-63)/(p + -1)*97/(-3).
3, 97
Let r = 1572 - -2130. List the prime factors of r.
2, 3, 617
Let j = -78 - -72. Let k be ((-15)/j + -2)*(9 + -3). Suppose 0 = -2*v - 0*m - 5*m + 303, 0 = -5*v + k*m + 804. List the prime factors of v.
3, 53
Let w = -77 + 81. Suppose -4*z + w*p - 26 = -6*z, -z - 4*p = -11. Suppose -z*r = -6*r - 153. What are the prime factors of r?
17
Let z = 8 - 6. Let u be (396/(-231))/((-2)/343) + -2. Suppose -2*n - u = -5*j, -5*n - 237 = -z*j - 2*j. What are the prime factors of j?
2, 29
Let v be (-411)/6*(-2)/(-1). Suppose -122 + 14 + 16 = 23*q. What are the prime factors of (-11)/(-2) - (-6)/q - v?
3, 47
Suppose -3*v + 4 - 16 = 0. What are the prime factors of (1 - v/(-4)) + 429 + -1?
2, 107
Let l = 10833 + -2077. List the prime factors of (l/33)/(10/15).
2, 199
Let s = 125 + 2. Let p = 80 + s. What are the prime factors of p?
3, 23
Let i = -582 - -585. Suppose -921 = -2*l + g + 98, -l + 492 = i*g. List the prime factors of l.
3, 13
Let f = -78 + 368. Suppose -f = -7*i + 5*i. Let t = i + -79. List the prime factors of t.
2, 3, 11
Let f = -18 - -23. Suppose -5*z + f = 0, 18 + 35 = 2*j + 5*z. Let n = j + -3. What are the prime factors of n?
3, 7
Let n(g) = -181*g + 990. What are the prime factors of n(-37)?
7687
Let n = 122 + -121. Suppose g = 2*w + 30, 36 = 3*g + 5*w + n. List the prime factors of (-15)/(-6)*346/g*4.
173
Let h be 3*(40/12)/5. Let y(g) = -g**3 + 2*g**2 + 0*g**2 - 2*g**h + 3*g - 6*g**2 + 5. List the prime factors of y(-7).
3, 11
Let v = -9 - -3. Let x(c) be the third derivative of -c**6/60 - c**5/6 - c**4/4 + 2*c**3 - 53*c**2. What are the prime factors of x(v)?
2, 3, 5
Let f(x) = 938*x**2 + 9*x + 17. What are the prime factors of f(-3)?
2, 17, 31
Suppose -290986 + 65914 = -18*x. What are the prime factors of x?
2, 3, 521
Let r(c) = c**3 + 12*c**2 - c - 22. Suppose 4*t + 6*t = 50. Suppose -t = -k - 16. What are the prime factors of r(k)?
2, 5, 11
Let f(g) = -3*g**3 - 17*g**2 + 5*g - 6. Let c be f(-6). Suppose -14*m + 5444 + 8038 = c. What are the prime factors of m?
3, 107
Suppose 5*h = -0*h + 145. Suppose -4*j - 2*c - 100 = -514, 0 = j + 4*c - 86. Let i = j - h. List the prime factors of i.
7, 11
Let b(y) = -3*y**3 - 9*y**2 - 5*y + 6. Suppose -3*s + j - 21 = 1, 5*j = -s - 2. What are the prime factors of b(s)?
17, 37
Suppose -11*r + 36 + 30 = 0. Suppose -r*v = -9*v + 336. Suppose 114*c - 186 = v*c. List the prime factors of c.
3, 31
Let o(g) = -43 + 4*g - 10*g + 8*g. Let z be o(19). What are the prime factors of 0/z + 98/1?
2, 7
Let y be (-2)/8 + 4 + 5/20. Suppose 0 = y*c - 13*c + 5616. What are the prime factors of c?
2, 3, 13
Let x(n) = n**3 + 23*n**2 - 11*n - 22. Let z(o) = -2*o**2 - 7*o + 7. Let u be z(-6). Let w be x(u). Let v = -132 + w. List the prime factors of v.
3, 11
Let f(p) = 124*p - 144. Let s be f(5). Let k(o) = o + 9. Let j be k(-7). List the prime factors of j/(4 - s/120).
2, 3, 5
Let g = -23 + 41. Suppose -g*s = -30*s + 12228. List the prime factors of s.
1019
Suppose c - 3*b = 0, -4*c + 2*b = -3 - 7. What are the prime factors of (1/c)/(1 + (-2524)/2526)?
421
Let l(k) = -k**3 - 10*k**2 - 8*k - 11. Let g be l(-3). List the prime factors of 4/g - (-135184)/425.
2, 3, 53
Let j(f) = -2*f**3 - 2*f**2 - 2*f + 384. Let v be j(0). Let l = v + -162. What are the prime factors of l?
2, 3, 37
Let g(n) = -n**2 + 12*n - 3. Let c be g(11). Suppose -150 = -i + 5*p, -c*i = -3*i + 4*p - 750. Suppose -f + 1 = -i. What are the prime factors of f?
151
Let p(q) = -123*q**3 - 3*q**2 + 9*q - 1. Let v(b) = 245*b**3 + 6*b**2 - 20*b + 1. Let i(m) = -5*p(m) - 2*v(m). What are the prime factors of i(1)?
2, 3, 7
Let d(i) = 23*i**3 - i**2 - 10*i + 15. What are the prime factors of d(6)?
3, 181
Let s = 10 + 15. Suppose 5*f - 4*d = s, 5*f - 2*f - 15 = -5*d. Suppose -w = -5*w + 16, -f*p + 228 = -3*w. What are the prime factors of p?
2, 3
Let d(f) = 2*f**2 + 8*f + 3. Let z be (5 + -5 - -4)/(-1). Let q be d(z). List the prime factors of (1 - (-9)/q)*(24 + -1).
2, 23
Let u be 1/((-236)/(-60) + -4). What are the prime factors of 0 + (u/9)/(2/(-318))?
5, 53
What are the prime factors of ((-697905)/30)/(-1)*(-3)/(-18)*4?
13, 1193
Let n(y) = y**3 + 13*y**2 - 27*y - 6. Let t be n(-11). Let u = t - 18. List the prime factors of u.
5, 103
Let n(p) = -p**3 - 24*p**2 - 23*p + 28. Let v be n(-23). Let l = -22 + v. List the prime factors of (2 - (-15)/(-3))/(l/(-42)).
3, 7
Suppose 29*b - 145970 = 234626. List the prime factors of b.
2, 17, 193
Suppose -477*d + 4477330 = -412*d. What are the prime factors of d?
2, 11, 31, 101
List the prime factors of 723/27 - ((-12)/(-27) - 22/33).
3
Suppose -4*k - 4*k = -24. Let w be (k - 1) + (4 - 3) - 1. Suppose w*u - 1449 = -7*u. What are the prime factors of u?
7, 23
Suppose -r - 4*d - 13 = 2*r, 3*r + 17 = -2*d. Let g(c) = 4*c**2 - 15*c + 16. What are the prime factors of g(r)?
317
Let c be -21*(-4)/12 - -3. Suppose -c = -2*r + 2*o - 3*o, 8 = 4*o. Let n(k) = 4*k**2 - 6*k + 4. What are the prime factors of n(r)?
2, 11
Let k = 11858 - 2137. List the prime factors of k.
9721
Let r(o) = 322*o + 2850. List the prime factors of r(32).
2, 6577
Suppose 4*d = 2*d + 14. Suppose 0 = -d*j + 4*j. Suppose -646 = -5*s + 4*u, -s - 3*u + 3 + 111 = j. What are the prime factors of s?
2, 3, 7
Let x(h) be the third derivative of h**5/60 - 5*h**4/24 + 91*h**3/6 - 257*h**2. List the prime factors of x(26).
7, 13
Suppose 3*b - 5*f - 33 = 21, 25 = b - 4*f. What are the prime factors of b?
13
Suppose 125262 - 414572 = -28*f + 274246. List the prime factors of f.
3, 6709
Let k(o) = 16*o**2 + 2*o - 23. Let x be k(-5). Suppose -5*i - x = 73. Let w = 145 + i. What are the prime factors of w?
3, 19
Suppose -84891 - 439249 = -52*w - 21*w. List the prime factors of w.
2, 5, 359
Let r = 6 + 0. Let g be 4/r*(-5)/((-40)/12). What are the prime factors of ((-1)/2*g)/(2/(-832))?
2, 13
Suppose -7*q - 70 = -2*q. Let i = q + -87. Let s = i + 128. List the prime factors of s.
3
Suppose 15429 = p - 3*z - 8121, 0 = 4*p + z - 94278. What are the prime factors of p?
2, 3, 491
Let g be (-1)/(-1) + -2 + (74 - 75). Let n(c) = -132*c**3 - 2*c**2 - 4*c - 6. What are the prime factors of n(g)?
2, 3, 5, 7
Let i(f) = -177*f + 1010. What are the prime factors of i(-51)?
10037
Suppose 3*h = 6, 4*c - 3*h = 2*h + 10382. Suppose c = 22*j - 19*j. List the prime factors of j.
2, 433
Let k(t) = t**2 + 3*t. Let x be (3 - 2) + (-1 - 2)*1. Let j be k(x). What are the prime factors of -3 - j*(-1)/6*-159?
2, 5
Let c(u) = -u**3 + 13*u**2 - u + 19. Let v be c(13). Suppose -v*o = 5*o - 5005. Suppose 3*g + 56 - o = 0. What are the prime factors of g?
7, 19
Let